*2 + 4*v. Let r be g(o). Let d = 1 - r. What is the units digit of d?
7
Let n(m) = -7*m + 7. Let u(r) = -3*r**2 - 2*r + 1. Let j be u(1). What is the units digit of n(j)?
5
What is the tens digit of 14 + 36 + (-8)/(-2)?
5
Let o be (3 + -4 + 1)*-1. Suppose 4*t - 4*q - 113 + 5 = 0, 4*q = 12. Suppose 4*v + v - t = o. What is the units digit of v?
6
Suppose 0 = -z - 4*l, 0 = 4*z + l - 2 - 13. What is the units digit of z?
4
Let s = 2 + -3. Suppose -4*g + 5*i - 35 = 0, -3*g + 0*g - i = 31. Let n = s - g. What is the units digit of n?
9
Suppose -2*i - 6 = 0, 5*c = 5*i + 51 + 249. What is the units digit of c/9 - (-2)/3?
7
Suppose 3*i = 2*i + 4*a + 5, 0 = -3*i - 3*a. Let f = 7 + i. What is the units digit of f?
8
Suppose 9*y = 2*u + 4*y + 17, 3*y - 5 = -4*u. Let p be 4/(-2) - (-1 + u). Suppose 4*s - 5*h - 32 = 0, p*h - 8 = -s + 2*h. What is the units digit of s?
8
What is the tens digit of -10*(0 - (-15)/(-6))?
2
Suppose -c - 20 = -5*c. Suppose c*a - 5 = 2*y + 27, 4*a - 23 = -y. What is the units digit of a?
6
Let p be (6/(-4))/((-21)/224). Suppose -2*m = m + n - 10, -2*n = 5*m - p. What is the units digit of m?
4
Let s(i) = -i**2 - 13*i. What is the units digit of s(-10)?
0
Let y(j) = -5*j**3 - j**2 - 2*j - 4. What is the tens digit of y(-2)?
3
Let l(o) = o - 2. Let s be l(3). Suppose -3*v + 6 = -h - 7, -4*v + 5*h = s. Let b = -2 + v. What is the units digit of b?
4
Suppose 5*g + 84 = -5*f + 9, -5*g - 78 = 4*f. Let s = g - -55. What is the tens digit of s?
3
Let z(t) = t**2 + 2*t - 3. Let c(h) = -2*h + 1. Let j = -4 - -7. Let b be c(j). What is the tens digit of z(b)?
1
Let u(t) = 2*t**2 + 9*t + 3. Let s be u(-6). Suppose s = -2*p + 51. What is the units digit of p?
5
Suppose 4 = v - 11. Let a be (v/(-6))/((-1)/(-2)). What is the units digit of (a/3)/((-2)/6)?
5
Let z = 3 + 0. Suppose 0 = -4*y - z + 15. Suppose y*x - 38 - 1 = 3*q, 5*x - 50 = 2*q. What is the units digit of x?
8
Let r = 154 + -84. What is the units digit of r?
0
Let p = 14 - 20. Let l be (3/2)/(p/8). What is the units digit of -1 + 6/(1 - l)?
1
Suppose 15*y = -15 + 60. What is the units digit of y?
3
Let s(k) = -k + 1. Let q = 1 + 1. Suppose 0 = 2*m + i + 3, -5*m - 2*i - 2 = -q*m. What is the units digit of s(m)?
5
Suppose -4*n - 16 = -56. What is the units digit of n?
0
Suppose -7*k + 91 = -4*k + m, -5*k = -3*m - 161. Suppose 23 = 3*f - 5*q - k, 0 = 3*q - 9. Suppose j + i = 5, -2*i + f = j - 7*i. What is the units digit of j?
8
Suppose 5*i - 150 = -0*i. Suppose 0 = 3*k - 5*y - 56, -k + 0*y - 4*y = -i. What is the units digit of k?
2
Suppose 20*w = 26*w - 336. What is the units digit of w?
6
Suppose 0 = -2*n - 4, 2*n + 8 = a + 2. Let f = 5 - a. Suppose -b - f*b = -16. What is the units digit of b?
4
Let s(b) = b + 9. Let w be s(-6). Let k be 47/w + (-3)/(-9). Suppose 6 + k = 2*a. What is the units digit of a?
1
Let u(c) = -3*c**3 + c**2 - c + 1. Let w be u(1). What is the units digit of (-1)/w*2*6?
6
Suppose -9 = 3*r, 8*r - 4*r = -3*x + 66. Suppose -x = -l - 4. What is the units digit of l?
2
What is the hundreds digit of (-2)/4 - -1 - 3036/(-24)?
1
Let y = -10 + 12. What is the units digit of (y - -14)*12/16?
2
What is the tens digit of ((-6)/(-4))/(2/44)?
3
Let r(t) = t + 8. Let a = 22 + -13. Let c = 2 - a. What is the units digit of r(c)?
1
Suppose 4*b = -29 + 81. Let q = 19 - b. What is the units digit of q?
6
Let z(j) = 30*j**3 + j**2 + j. Let c be z(-1). What is the units digit of ((-12)/10)/(4/c)?
9
Let u(j) = -14*j + 20. What is the units digit of u(-6)?
4
Suppose 0*w - 808 = -4*h + 2*w, -5*h - w + 1010 = 0. What is the units digit of h?
2
Let y(j) = 3*j. Let r be y(1). Suppose 0 = r*o + 17 - 101. What is the units digit of o?
8
Suppose -3*c + 3*y - 20 = -8, 3*c + 2*y = 3. What is the units digit of c*(-10 - 6/(-3))?
8
Let g be 2 - 3/(3 + 0). Let f = 12 - g. What is the tens digit of f?
1
Suppose -5*b = 23 + 12. Let q(n) = n**3 + 7*n**2 - 5*n - 2. Let r be q(b). Suppose 2*g + g = r. What is the tens digit of g?
1
Suppose 2*q = q + 11. Let b = 20 - q. What is the units digit of b?
9
Suppose -1 - 11 = 3*u. Let w be (u/(-3))/(2/(-6)). What is the units digit of 25/6 - w/(-24)?
4
Suppose 3 = -3*t, -4*i = -8*i - 5*t + 15. Suppose -i*q = -25 - 10. What is the units digit of q?
7
Let k = 27 - 6. What is the units digit of k?
1
Let j be 12/(-5)*175/14. Let r = -7 - j. What is the tens digit of r?
2
Suppose -14*w + 156 = -12*w. What is the tens digit of w?
7
Let f(u) = -6*u + 2. What is the tens digit of f(-5)?
3
Suppose 5*h + 5*j = h + 73, -j = 4*h - 53. What is the tens digit of h?
1
Suppose 6*x - 32 = 2*x. Suppose 4*c + 0 - x = 0. Suppose -s + c = -2. What is the units digit of s?
4
Let c be 6/15 - 42/5. Suppose 5*t + 68 = 4*k, -6 = 3*k + 5*t - 57. Let y = k + c. What is the units digit of y?
9
Suppose -7*l = -2*l - 10. Let o = -1 + l. Suppose -3*a + o = 3*z - 2, 8 = -2*z. What is the units digit of a?
5
Let v be (-7)/2 + 1/(-2). Let t be -6*v/18*3. Suppose 0*i = t*i - 56. What is the tens digit of i?
1
Suppose 2*d + 3*d = 0. Suppose 2*c - 5*w - 51 = d, -3*c - 2*c + 2*w + 96 = 0. What is the units digit of c?
8
Let w = -90 + 172. What is the tens digit of w?
8
Suppose -5*o - 2*a = -5*a - 33, -o = -5*a - 11. Suppose -o*v + 150 = -v. What is the units digit of v?
0
Let k = -3 + 5. Suppose -v + k = -0*v. What is the units digit of v?
2
Let z(w) be the first derivative of w**3/3 + 5*w**2/2 + 6*w + 1. Let a be z(-4). Suppose 0 = 4*q + k - 26, -a*q = k - 6*k - 2. What is the units digit of q?
6
Let j = 32 + -33. Suppose 2*s + s = 0. What is the tens digit of -2 - (j + s + -14)?
1
Suppose s - 5*s + 720 = 0. What is the units digit of s?
0
Suppose -2*o = 3*o - 310. Suppose s + o = 3*s. What is the tens digit of s?
3
Let h = 171 + -281. What is the tens digit of (-2)/(-8) - h/8?
1
Let t be (-36)/(-8)*(-16)/12. What is the tens digit of t/(-3)*(5 + 3)?
1
Let a = -147 + 242. What is the tens digit of a?
9
Suppose -4*h = -2*h - 50. Suppose h - 5 = 5*y. Suppose 5*v - y*w = 14, -v + 2*w + 10 = 3*w. What is the units digit of v?
6
Let g(x) = -x + 5. Let y be g(5). Suppose 2*j + j - 6 = y. Let q(p) = -p**2 + 3*p - 1. What is the units digit of q(j)?
1
Let d(z) = -z**3 + 3*z + 2. Let a be d(-2). Let v = a + -2. Suppose -v = -5*t + 13. What is the units digit of t?
3
Suppose -y + 2*b = 3*b + 32, -59 = 2*y + b. Let u = -11 - y. What is the units digit of u?
6
Let k(z) = 21*z**3 - 2*z**2 + 1. What is the tens digit of k(1)?
2
Let m be (-46)/(-8) - (-2)/8. Let a(b) = -b**2 + 7*b + 4. Let d be a(m). Suppose -3*u - 21 = -2*o + d, -2*u = 3*o - 14. What is the units digit of o?
8
Let f be (-20)/5*14/(-4). Let r = 0 + f. What is the tens digit of r?
1
Suppose 0 = 2*i - n - 8, 0 = -3*n - 0 - 6. Suppose 0 = -2*c + 6, -i*o + o - 8 = -4*c. Suppose -8 = b - o*b. What is the units digit of b?
8
Suppose 0 = 2*y - 0*y - 18. Let l = 6 + y. Suppose 2*c = -4*f, 2*f = -5*c - 1 - l. What is the units digit of f?
2
Suppose -3*p + 28 = p. What is the units digit of p?
7
Suppose 57 = -4*n + 473. What is the hundreds digit of n?
1
Let h(p) = 2*p**2 + 23*p + 16. What is the units digit of h(-13)?
5
Suppose 0 = -2*g, 4 = 2*c - 0*g + 2*g. Suppose c*q + 182 = -2*t + 6*t, -46 = -t + q. Suppose -5*s - 3*j = -t, 4*s + j + 2*j = 39. What is the units digit of s?
6
Let f(d) be the second derivative of 0 - 10/3*d**3 - d - 1/2*d**2. What is the units digit of f(-1)?
9
What is the hundreds digit of 80244/288 + 3/8?
2
Let z = 86 - 51. Let u = 58 - z. What is the tens digit of u?
2
Let l(x) = -x**2 + 4*x - 3. Let v(z) = -z + 1. Let m be v(-2). Let q be l(m). Suppose q = -2*b + 18. What is the units digit of b?
9
Let c be -3*(-2 - -1) - -1. Let p(b) = 2*b - 3*b**2 - c + b**2 + b + 3*b**2. What is the units digit of p(3)?
4
Let i(u) = u**2 + 12*u - 5. Let n be i(-12). Let r = 9 + n. What is the units digit of r?
4
Suppose 3*p = 4*p - 3. Let h = 4 + p. What is the units digit of h?
7
Suppose f = -4*v + 3*f + 550, -f = v - 130. What is the units digit of v?
5
Let q(w) = -w + 4. Let d be q(8). What is the units digit of (-9)/d - 4/16?
2
Let j(q) = 30*q**3 + q**2. What is the units digit of j(1)?
1
Suppose -2 = w - 1. Let f = 5 + w. What is the units digit of f?
4
Let w = -10 + 13. What is the units digit of w?
3
Let c be (15 + -3)/(-3) +